{"id":261,"date":"2025-12-11T12:51:42","date_gmt":"2025-12-11T12:51:42","guid":{"rendered":"https:\/\/magia-morza.de\/?page_id=261"},"modified":"2026-01-12T17:23:24","modified_gmt":"2026-01-12T17:23:24","slug":"buchung","status":"publish","type":"page","link":"https:\/\/magia-morza.de\/pl\/buchung\/","title":{"rendered":"Rezerwacja"},"content":{"rendered":"\n<div class=\"wp-block-group alignfull has-background-background-color has-background has-global-padding is-layout-constrained wp-container-core-group-is-layout-fb85e995 wp-block-group-is-layout-constrained\" style=\"margin-top:0;margin-bottom:0;padding-top:var(--wp--preset--spacing--60);padding-right:var(--wp--preset--spacing--30);padding-bottom:var(--wp--preset--spacing--60);padding-left:var(--wp--preset--spacing--30)\">\n<div class=\"wp-block-columns alignwide are-vertically-aligned-center is-layout-flex wp-container-core-columns-is-layout-cbe57604 wp-block-columns-is-layout-flex\">\n<div class=\"wp-block-column is-vertically-aligned-center is-layout-flow wp-block-column-is-layout-flow\">\n<div class=\"wp-block-group alignwide has-global-padding is-content-justification-left is-layout-constrained wp-container-core-group-is-layout-9bb5df40 wp-block-group-is-layout-constrained\" style=\"margin-bottom:var(--wp--preset--spacing--40)\">\n<h2 class=\"wp-block-heading has-large-font-size\">Odkryj relaksuj\u0105ce dni nad polskim Ba\u0142tykiem.<\/h2>\n\n\n\n<p style=\"margin-top:16px\">Nasz apartament wakacyjny \u201eMagia Morza\u201d w Ko\u0142obrzegu\/Podczele oferuje komfort, blisko\u015b\u0107 pla\u017cy i przyjazn\u0105 zwierz\u0119tom atmosfer\u0119, zapewniaj\u0105c\u0105 niezapomniane chwile podczas urlopu. Rezerwacja mo\u017cliwa od stycznia 2026 r. Minimalna d\u0142ugo\u015b\u0107 pobytu: 2 noclegi \u2013 prosimy o wcze\u015bniejsze zapytanie o ceny!<\/p>\n<\/div>\n\n\n\n<ul class=\"wp-block-list\">\n<li>Przytulny salon do relaksu<\/li>\n\n\n\n<li>W pe\u0142ni wyposa\u017cona kuchnia do przygotowywania ulubionych potraw<\/li>\n\n\n\n<li>Oddzielna sypialnia zapewniaj\u0105ca spokojne noce<\/li>\n\n\n\n<li>\u0141adna \u0142azienka z prysznicem i pralk\u0105<\/li>\n\n\n\n<li>Du\u017cy balkon do wypoczynku<\/li>\n<\/ul>\n\n\n\n<p>Alternatywnie, mo\u017cesz r\u00f3wnie\u017c dokona\u0107 rezerwacji przez <a href=\"https:\/\/www.airbnb.de\/rooms\/1582469636232096901?viralityEntryPoint=1&amp;s=76&amp;source_impression_id=p3_1766661996_P3HpRm9pVOFjYc-G\" target=\"_blank\" rel=\"noopener\" title=\"\">Airbnb<\/a> lub <a href=\"https:\/\/www.booking.com\/hotel\/pl\/ferienwohnung-magia-morza-in-kolberg-ortsteil-podczele-gehobene-ausstattung.de.html?label=gen173nr-10CAsotgFCS2ZlcmllbndvaG51bmctbWFnaWEtbW9yemEtaW4ta29sYmVyZy1vcnRzdGVpbC1wb2RjemVsZS1nZWhvYmVuZS1hdXNzdGF0dHVuZ0gzWARoO4gBAZgBM7gBB8gBDNgBA-gBAfgBAYgCAagCAbgCoK-IywbAAgHSAiQ0ZTQ1MzgwZS1kZDZmLTRjNWEtYjhlZC1jNjlhNWFhNThmOGTYAgHgAgE&amp;sid=ee99b6ac2854bc05bff654fe9476b7fd&amp;dist=0&amp;keep_landing=1&amp;sb_price_type=total&amp;type=total&amp;chal_t=1768036256767&amp;force_referer=\" target=\"_blank\" rel=\"noopener\" title=\"\">Booking.com<\/a>. Kalendarz rezerwacji jest tam r\u00f3wnie\u017c dost\u0119pny.<\/p>\n\n\n\n<div class=\"wp-block-buttons is-content-justification-left is-layout-flex wp-container-core-buttons-is-layout-74c0a6e9 wp-block-buttons-is-layout-flex\" style=\"margin-top:var(--wp--preset--spacing--40)\">\n<div class=\"wp-block-button has-custom-width wp-block-button__width-100\"><a class=\"wp-block-button__link wp-element-button\" href=\"https:\/\/magia-morza.de\/pl\/kontakt\">Zarezerwuj teraz<\/a><\/div>\n<\/div>\n<\/div>\n\n\n\n<div class=\"wp-block-column is-vertically-aligned-center is-layout-flow wp-block-column-is-layout-flow\">\n<figure class=\"wp-block-image size-large has-custom-border\"><img loading=\"lazy\" decoding=\"async\" width=\"768\" height=\"1024\" src=\"https:\/\/magia-morza.de\/wp-content\/uploads\/2025\/11\/Haus-abends-768x1024.jpeg\" alt=\"\" class=\"wp-image-218\" style=\"border-top-left-radius:1rem;border-top-right-radius:1rem;border-bottom-left-radius:20rem;border-bottom-right-radius:20rem;aspect-ratio:1;object-fit:cover\" srcset=\"https:\/\/magia-morza.de\/wp-content\/uploads\/2025\/11\/Haus-abends-768x1024.jpeg 768w, https:\/\/magia-morza.de\/wp-content\/uploads\/2025\/11\/Haus-abends-225x300.jpeg 225w, https:\/\/magia-morza.de\/wp-content\/uploads\/2025\/11\/Haus-abends-1152x1536.jpeg 1152w, https:\/\/magia-morza.de\/wp-content\/uploads\/2025\/11\/Haus-abends.jpeg 1512w\" sizes=\"auto, (max-width: 768px) 100vw, 768px\" \/><\/figure>\n<\/div>\n<\/div>\n<\/div>\n\n\n\n<div class=\"wp-block-group alignfull has-tertiary-background-color has-background has-global-padding is-layout-constrained wp-container-core-group-is-layout-2bc1b312 wp-block-group-is-layout-constrained\" id=\"kontakt\" style=\"margin-top:0;margin-bottom:0;padding-top:var(--wp--preset--spacing--60);padding-bottom:var(--wp--preset--spacing--60)\">\n<div class=\"wp-block-group has-global-padding is-layout-constrained wp-block-group-is-layout-constrained\">\n<h2 class=\"wp-block-heading has-text-align-center has-large-font-size\">Ciesz si\u0119 pobytem w apartamencie wakacyjnym \u201eMagia Morza\u201d<\/h2>\n\n\n\n<p class=\"has-text-align-center\" style=\"margin-top:16px\">Tutaj znajdziesz dane kontaktowe, aby w prosty spos\u00f3b z\u0142o\u017cy\u0107 zapytanie o rezerwacj\u0119.<\/p>\n<\/div>\n\n\n\n<div class=\"wp-block-group has-background-background-color has-background has-global-padding is-layout-constrained wp-container-core-group-is-layout-52009084 wp-block-group-is-layout-constrained\" style=\"border-top-left-radius:0rem;border-top-right-radius:2.5rem;border-bottom-left-radius:2.5rem;border-bottom-right-radius:0rem;padding-top:var(--wp--preset--spacing--40);padding-right:var(--wp--preset--spacing--40);padding-bottom:var(--wp--preset--spacing--40);padding-left:var(--wp--preset--spacing--40)\">\n<div class=\"wp-block-contact-form-7-contact-form-selector\">\n<div class=\"wpcf7 no-js\" id=\"wpcf7-f289-o1\" lang=\"de-DE\" dir=\"ltr\" data-wpcf7-id=\"289\">\n<div class=\"screen-reader-response\"><p role=\"status\" aria-live=\"polite\" aria-atomic=\"true\"><\/p> <ul><\/ul><\/div>\n<form action=\"\/pl\/wp-json\/wp\/v2\/pages\/261#wpcf7-f289-o1\" method=\"post\" class=\"wpcf7-form init\" aria-label=\"Kontaktformular\" novalidate=\"novalidate\" data-status=\"init\">\n<fieldset class=\"hidden-fields-container\"><input type=\"hidden\" name=\"_wpcf7\" value=\"289\" \/><input type=\"hidden\" name=\"_wpcf7_version\" value=\"6.1.5\" \/><input type=\"hidden\" name=\"_wpcf7_locale\" value=\"de_DE\" \/><input type=\"hidden\" name=\"_wpcf7_unit_tag\" value=\"wpcf7-f289-o1\" \/><input type=\"hidden\" name=\"_wpcf7_container_post\" value=\"0\" \/><input type=\"hidden\" name=\"_wpcf7_posted_data_hash\" value=\"\" \/>\n<\/fieldset>\n<p><label> Twoje imi\u0119<br \/>\n<span class=\"wpcf7-form-control-wrap\" data-name=\"your-name\"><input size=\"40\" maxlength=\"400\" class=\"wpcf7-form-control wpcf7-text wpcf7-validates-as-required\" autocomplete=\"name\" aria-required=\"true\" aria-invalid=\"false\" value=\"\" type=\"text\" name=\"your-name\" \/><\/span> <\/label>\n<\/p>\n<p><label> Tw\u00f3j adres e-mail<br \/>\n<span class=\"wpcf7-form-control-wrap\" data-name=\"your-email\"><input size=\"40\" maxlength=\"400\" class=\"wpcf7-form-control wpcf7-email wpcf7-validates-as-required wpcf7-text wpcf7-validates-as-email\" autocomplete=\"email\" aria-required=\"true\" aria-invalid=\"false\" value=\"\" type=\"email\" name=\"your-email\" \/><\/span> <\/label>\n<\/p>\n<p><label> Temat<br \/>\n<span class=\"wpcf7-form-control-wrap\" data-name=\"your-subject\"><input size=\"40\" maxlength=\"400\" class=\"wpcf7-form-control wpcf7-text wpcf7-validates-as-required\" aria-required=\"true\" aria-invalid=\"false\" value=\"\" type=\"text\" name=\"your-subject\" \/><\/span> <\/label>\n<\/p>\n<p><label> Twoja wiadomo\u015b\u0107<br \/>\n<span class=\"wpcf7-form-control-wrap\" data-name=\"your-message\"><textarea cols=\"40\" rows=\"10\" maxlength=\"2000\" class=\"wpcf7-form-control wpcf7-textarea\" aria-invalid=\"false\" name=\"your-message\"><\/textarea><\/span> <\/label>\n<\/p>\n<p><input class=\"wpcf7-form-control wpcf7-submit has-spinner\" type=\"submit\" value=\"Wy\u015blij\" \/>\n<\/p><div class=\"wpcf7-response-output\" aria-hidden=\"true\"><\/div>\n<\/form>\n<\/div>\n<\/div>\n\n\n\n<p class=\"has-text-align-center\">Wysy\u0142aj\u0105c zapytanie, wyra\u017casz zgod\u0119 na przechowywanie tych danych w celu nawi\u0105zania kontaktu. Mo\u017cesz w ka\u017cdej chwili wycofa\u0107 t\u0119 zgod\u0119 \u2013 zobacz r\u00f3wnie\u017c link \u201eImpressum\/Ochrona danych\u201d w menu.<\/p>\n<\/div>\n<\/div>\n","protected":false},"excerpt":{"rendered":"<p>Odkryj relaksuj\u0105ce dni nad polskim Ba\u0142tykiem. Nasz apartament wakacyjny \u201eMagia Morza\u201d w Ko\u0142obrzegu\/Podczele oferuje komfort, blisko\u015b\u0107 pla\u017cy i przyjazn\u0105 zwierz\u0119tom atmosfer\u0119, zapewniaj\u0105c\u0105 niezapomniane chwile podczas urlopu. Rezerwacja mo\u017cliwa od stycznia 2026 r. Minimalna d\u0142ugo\u015b\u0107 pobytu: 2 noclegi \u2013 prosimy o wcze\u015bniejsze zapytanie o ceny! Alternatywnie, mo\u017cesz r\u00f3wnie\u017c dokona\u0107 rezerwacji przez Airbnb lub Booking.com. Kalendarz rezerwacji [&hellip;]<\/p>\n","protected":false},"author":2,"featured_media":0,"parent":0,"menu_order":0,"comment_status":"closed","ping_status":"closed","template":"page-with-title","meta":{"_locale":"pl_PL","_original_post":"https:\/\/magia-morza.de\/buchung\/","footnotes":""},"class_list":["post-261","page","type-page","status-publish","hentry","pl-PL"],"aioseo_notices":[],"_links":{"self":[{"href":"https:\/\/magia-morza.de\/wp-json\/wp\/v2\/pages\/261","targetHints":{"allow":["GET"]}}],"collection":[{"href":"https:\/\/magia-morza.de\/wp-json\/wp\/v2\/pages"}],"about":[{"href":"https:\/\/magia-morza.de\/wp-json\/wp\/v2\/types\/page"}],"author":[{"embeddable":true,"href":"https:\/\/magia-morza.de\/wp-json\/wp\/v2\/users\/2"}],"replies":[{"embeddable":true,"href":"https:\/\/magia-morza.de\/wp-json\/wp\/v2\/comments?post=261"}],"version-history":[{"count":5,"href":"https:\/\/magia-morza.de\/wp-json\/wp\/v2\/pages\/261\/revisions"}],"predecessor-version":[{"id":415,"href":"https:\/\/magia-morza.de\/wp-json\/wp\/v2\/pages\/261\/revisions\/415"}],"wp:attachment":[{"href":"https:\/\/magia-morza.de\/wp-json\/wp\/v2\/media?parent=261"}],"curies":[{"name":"wp","href":"https:\/\/api.w.org\/{rel}","templated":true}]}}

<div class="wp-block-group alignfull has-background-background-color has-background has-global-padding is-layout-constrained wp-container-core-group-is-layout-fb85e995 wp-block-group-is-layout-constrained" style="margin-top:0;margin-bottom:0;padding-top:var(--wp--preset--spacing--60);padding-right:var(--wp--preset--spacing--30);padding-bottom:var(--wp--preset--spacing--60);padding-left:var(--wp--preset--spacing--30)">
<div class="wp-block-columns alignwide are-vertically-aligned-center is-layout-flex wp-container-core-columns-is-layout-cbe57604 wp-block-columns-is-layout-flex">
<div class="wp-block-column is-vertically-aligned-center is-layout-flow wp-block-column-is-layout-flow">
<div class="wp-block-group alignwide has-global-padding is-content-justification-left is-layout-constrained wp-container-core-group-is-layout-9bb5df40 wp-block-group-is-layout-constrained" style="margin-bottom:var(--wp--preset--spacing--40)">
<h2 class="wp-block-heading has-large-font-size">Odkryj relaksujące dni nad polskim Bałtykiem.</h2>



<p style="margin-top:16px">Nasz apartament wakacyjny „Magia Morza” w Kołobrzegu/Podczele oferuje komfort, bliskość plaży i przyjazną zwierzętom atmosferę, zapewniającą niezapomniane chwile podczas urlopu. Rezerwacja możliwa od stycznia 2026 r. Minimalna długość pobytu: 2 noclegi – prosimy o wcześniejsze zapytanie o ceny!</p>
</div>



<ul class="wp-block-list">
<li>Przytulny salon do relaksu</li>



<li>W pełni wyposażona kuchnia do przygotowywania ulubionych potraw</li>



<li>Oddzielna sypialnia zapewniająca spokojne noce</li>



<li>Ładna łazienka z prysznicem i pralką</li>



<li>Duży balkon do wypoczynku</li>
</ul>



<p>Alternatywnie, możesz również dokonać rezerwacji przez <a href="https://www.airbnb.de/rooms/1582469636232096901?viralityEntryPoint=1&amp;s=76&amp;source_impression_id=p3_1766661996_P3HpRm9pVOFjYc-G" target="_blank" rel="noopener" title="">Airbnb</a> lub <a href="https://www.booking.com/hotel/pl/ferienwohnung-magia-morza-in-kolberg-ortsteil-podczele-gehobene-ausstattung.de.html?label=gen173nr-10CAsotgFCS2ZlcmllbndvaG51bmctbWFnaWEtbW9yemEtaW4ta29sYmVyZy1vcnRzdGVpbC1wb2RjemVsZS1nZWhvYmVuZS1hdXNzdGF0dHVuZ0gzWARoO4gBAZgBM7gBB8gBDNgBA-gBAfgBAYgCAagCAbgCoK-IywbAAgHSAiQ0ZTQ1MzgwZS1kZDZmLTRjNWEtYjhlZC1jNjlhNWFhNThmOGTYAgHgAgE&amp;sid=ee99b6ac2854bc05bff654fe9476b7fd&amp;dist=0&amp;keep_landing=1&amp;sb_price_type=total&amp;type=total&amp;chal_t=1768036256767&amp;force_referer=" target="_blank" rel="noopener" title="">Booking.com</a>. Kalendarz rezerwacji jest tam również dostępny.</p>



<div class="wp-block-buttons is-content-justification-left is-layout-flex wp-container-core-buttons-is-layout-74c0a6e9 wp-block-buttons-is-layout-flex" style="margin-top:var(--wp--preset--spacing--40)">
<div class="wp-block-button has-custom-width wp-block-button__width-100"><a class="wp-block-button__link wp-element-button" href="https://magia-morza.de/pl/kontakt">Zarezerwuj teraz</a></div>
</div>
</div>



<div class="wp-block-column is-vertically-aligned-center is-layout-flow wp-block-column-is-layout-flow">
<figure class="wp-block-image size-large has-custom-border"><img loading="lazy" decoding="async" width="768" height="1024" src="https://magia-morza.de/wp-content/uploads/2025/11/Haus-abends-768x1024.jpeg" alt="" class="wp-image-218" style="border-top-left-radius:1rem;border-top-right-radius:1rem;border-bottom-left-radius:20rem;border-bottom-right-radius:20rem;aspect-ratio:1;object-fit:cover" srcset="https://magia-morza.de/wp-content/uploads/2025/11/Haus-abends-768x1024.jpeg 768w, https://magia-morza.de/wp-content/uploads/2025/11/Haus-abends-225x300.jpeg 225w, https://magia-morza.de/wp-content/uploads/2025/11/Haus-abends-1152x1536.jpeg 1152w, https://magia-morza.de/wp-content/uploads/2025/11/Haus-abends.jpeg 1512w" sizes="auto, (max-width: 768px) 100vw, 768px" /></figure>
</div>
</div>
</div>



<div class="wp-block-group alignfull has-tertiary-background-color has-background has-global-padding is-layout-constrained wp-container-core-group-is-layout-2bc1b312 wp-block-group-is-layout-constrained" id="kontakt" style="margin-top:0;margin-bottom:0;padding-top:var(--wp--preset--spacing--60);padding-bottom:var(--wp--preset--spacing--60)">
<div class="wp-block-group has-global-padding is-layout-constrained wp-block-group-is-layout-constrained">
<h2 class="wp-block-heading has-text-align-center has-large-font-size">Ciesz się pobytem w apartamencie wakacyjnym „Magia Morza”</h2>



<p class="has-text-align-center" style="margin-top:16px">Tutaj znajdziesz dane kontaktowe, aby w prosty sposób złożyć zapytanie o rezerwację.</p>
</div>



<div class="wp-block-group has-background-background-color has-background has-global-padding is-layout-constrained wp-container-core-group-is-layout-52009084 wp-block-group-is-layout-constrained" style="border-top-left-radius:0rem;border-top-right-radius:2.5rem;border-bottom-left-radius:2.5rem;border-bottom-right-radius:0rem;padding-top:var(--wp--preset--spacing--40);padding-right:var(--wp--preset--spacing--40);padding-bottom:var(--wp--preset--spacing--40);padding-left:var(--wp--preset--spacing--40)">
<div class="wp-block-contact-form-7-contact-form-selector">
<div class="wpcf7 no-js" id="wpcf7-f289-o1" lang="de-DE" dir="ltr" data-wpcf7-id="289">
<div class="screen-reader-response"><p role="status" aria-live="polite" aria-atomic="true"></p> <ul></ul></div>
<form action="/pl/wp-json/wp/v2/pages/261#wpcf7-f289-o1" method="post" class="wpcf7-form init" aria-label="Kontaktformular" novalidate="novalidate" data-status="init">
<fieldset class="hidden-fields-container"><input type="hidden" name="_wpcf7" value="289" /><input type="hidden" name="_wpcf7_version" value="6.1.5" /><input type="hidden" name="_wpcf7_locale" value="de_DE" /><input type="hidden" name="_wpcf7_unit_tag" value="wpcf7-f289-o1" /><input type="hidden" name="_wpcf7_container_post" value="0" /><input type="hidden" name="_wpcf7_posted_data_hash" value="" />
</fieldset>
<p><label> Twoje imię<br />
<span class="wpcf7-form-control-wrap" data-name="your-name"><input size="40" maxlength="400" class="wpcf7-form-control wpcf7-text wpcf7-validates-as-required" autocomplete="name" aria-required="true" aria-invalid="false" value="" type="text" name="your-name" /></span> </label>
</p>
<p><label> Twój adres e-mail<br />
<span class="wpcf7-form-control-wrap" data-name="your-email"><input size="40" maxlength="400" class="wpcf7-form-control wpcf7-email wpcf7-validates-as-required wpcf7-text wpcf7-validates-as-email" autocomplete="email" aria-required="true" aria-invalid="false" value="" type="email" name="your-email" /></span> </label>
</p>
<p><label> Temat<br />
<span class="wpcf7-form-control-wrap" data-name="your-subject"><input size="40" maxlength="400" class="wpcf7-form-control wpcf7-text wpcf7-validates-as-required" aria-required="true" aria-invalid="false" value="" type="text" name="your-subject" /></span> </label>
</p>
<p><label> Twoja wiadomość<br />
<span class="wpcf7-form-control-wrap" data-name="your-message"><textarea cols="40" rows="10" maxlength="2000" class="wpcf7-form-control wpcf7-textarea" aria-invalid="false" name="your-message"></textarea></span> </label>
</p>
<p><input class="wpcf7-form-control wpcf7-submit has-spinner" type="submit" value="Wyślij" />
</p><div class="wpcf7-response-output" aria-hidden="true"></div>
</form>
</div>
</div>



<p class="has-text-align-center">Wysyłając zapytanie, wyrażasz zgodę na przechowywanie tych danych w celu nawiązania kontaktu. Możesz w każdej chwili wycofać tę zgodę – zobacz również link „Impressum/Ochrona danych” w menu.</p>
</div>
</div>

<p>Odkryj relaksujące dni nad polskim Bałtykiem. Nasz apartament wakacyjny „Magia Morza” w Kołobrzegu/Podczele oferuje komfort, bliskość plaży i przyjazną zwierzętom atmosferę, zapewniającą niezapomniane chwile podczas urlopu. Rezerwacja możliwa od stycznia 2026 r. Minimalna długość pobytu: 2 noclegi – prosimy o wcześniejsze zapytanie o ceny! Alternatywnie, możesz również dokonać rezerwacji przez Airbnb lub Booking.com. Kalendarz rezerwacji [&hellip;]</p>
